0229 a prime number?
False
Is 686079713 composite?
True
Is 187586741 a prime number?
True
Is 284520549 composite?
True
Is 1435068497 a composite number?
True
Is 15897934293 a prime number?
False
Is 9457094929 a prime number?
False
Is 1447450181 composite?
True
Is 454841678 prime?
False
Is 1621792913 a composite number?
True
Is 1470390137 a prime number?
False
Is 251053571 composite?
False
Is 23702138093 a prime number?
False
Is 10221821573 prime?
True
Is 14336772841 a prime number?
True
Is 5853566773 a composite number?
False
Is 9447214871 a composite number?
True
Is 17777833103 a prime number?
True
Is 173899127 a prime number?
False
Is 21606964627 prime?
True
Is 5841329513 composite?
True
Is 155637900679 prime?
True
Is 1215121799 composite?
True
Is 20050847 prime?
False
Is 529263841 a composite number?
True
Is 4661067269 a composite number?
False
Is 48383949011 composite?
True
Is 76220377 a composite number?
False
Is 9495262451 a prime number?
False
Is 6646530185 prime?
False
Is 94137086434 a prime number?
False
Is 47324921617 prime?
True
Is 915658435 a prime number?
False
Is 1224566881 a prime number?
True
Is 39624237329 composite?
False
Is 60599065771 composite?
False
Is 15035708293 a prime number?
False
Is 4243590641 a prime number?
True
Is 1442857939 a prime number?
True
Is 19815621193 prime?
True
Is 2544880447 composite?
False
Is 723910897 a composite number?
True
Is 34265307859 prime?
True
Is 157425859 composite?
True
Is 40966816441 a composite number?
True
Is 4779169327 a prime number?
False
Is 445773451 a composite number?
True
Is 2984007398 a composite number?
True
Is 56594482933 a composite number?
False
Is 5752311499 prime?
False
Is 28248107507 a prime number?
True
Is 4161773711 a prime number?
False
Is 106396886801 a composite number?
True
Is 1925588495 a prime number?
False
Is 57083098777 prime?
True
Is 2539510867 a composite number?
False
Is 6554628917 composite?
False
Is 33451364233 a composite number?
True
Is 103771856171 a prime number?
True
Is 4664466437 a prime number?
False
Is 20368076039 a prime number?
True
Is 90325068485 a prime number?
False
Is 8392656221 a prime number?
True
Is 8661269167 composite?
True
Is 285013577 a prime number?
True
Is 89542591 prime?
True
Is 48399828773 a composite number?
True
Is 2439002161 a composite number?
True
Is 4284779509 composite?
True
Is 28277655323 composite?
False
Is 1352906117 composite?
False
Is 5511291613 a composite number?
False
Is 596697077 composite?
False
Is 431617593809 a composite number?
True
Is 38058299329 composite?
False
Is 22003900121 prime?
False
Is 1495920638 a composite number?
True
Is 1396932505 composite?
True
Is 37550420027 composite?
False
Is 1772626649 a composite number?
True
Is 339319529 a prime number?
False
Is 234674009 composite?
False
Is 5225423477 a prime number?
True
Is 27288841627 a composite number?
False
Is 6539349431 a prime number?
True
Is 48499759733 composite?
False
Is 2163177751 a prime number?
False
Is 6744379093 composite?
False
Is 13683188243 prime?
False
Is 525165859 a prime number?
True
Is 19961755679 a prime number?
True
Is 18284117081 composite?
True
Is 28044971729 a prime number?
True
Is 12086245203 prime?
False
Is 56395529 a prime number?
True
Is 7043918369 a composite number?
False
Is 158533603078 a composite number?
True
Is 664941301 composite?
False
Is 13087876741 a prime number?
True
Is 1347987869 prime?
False
Is 4455973673 prime?
True
Is 620713609 prime?
True
Is 1505230759 a prime number?
False
Is 318191749445 a composite number?
True
Is 1688230249 prime?
True
Is 15398384853 a prime number?
False
Is 654748459 composite?
False
Is 132902657 prime?
True
Is 60218010653 composite?
True
Is 234010573 a prime number?
True
Is 372114497 a composite number?
False
Is 11590991479 a composite number?
True
Is 11032392971 prime?
False
Is 980377933 a composite number?
True
Is 192573370799 composite?
True
Is 6006689485 prime?
False
Is 274620565 composite?
True
Is 2505687659 a prime number?
True
Is 374586911 a composite number?
False
Is 352193941 a composite number?
True
Is 4983359721 a composite number?
True
Is 3076900111 a composite number?
True
Is 11030278349 composite?
False
Is 62997797377 prime?
True
Is 18055030457 a prime number?
True
Is 29758732667 prime?
False
Is 9432857999 a prime number?
True
Is 8070757202 a prime number?
False
Is 117816673 composite?
True
Is 1233335833 prime?
True
Is 51387407215 a prime number?
False
Is 1990355077 prime?
True
Is 922989511 a prime number?
False
Is 24165315887 a composite number?
False
Is 4676400097 a composite number?
False
Is 2042013335 a composite number?
True
Is 1899110509 a prime number?
True
Is 17938287991 composite?
True
Is 247122497939 a composite number?
False
Is 96987434331 a composite number?
True
Is 10689186919 prime?
False
Is 17529955021 composite?
True
Is 4086030263 a prime number?
False
Is 152925317 a prime number?
True
Is 29586511211 composite?
False
Is 690148633 composite?
False
Is 59115815679 prime?
False
Is 5431814189 prime?
True
Is 56870950883 prime?
False
Is 58386467 a composite number?
True
Is 35849939539 a prime number?
False
Is 734324449 composite?
True
Is 67245257 a composite number?
True
Is 15783510443 a prime number?
True
Is 452702881003 prime?
False
Is 146909237 a composite number?
True
Is 2924829977 composite?
False
Is 593664307 a composite number?
True
Is 145174141514 prime?
False
Is 9543201133 a composite number?
True
Is 8411174894 composite?
True
Is 5164723673 a composite number?
False
Is 112432143253 a prime number?
False
Is 11398268477 composite?
True
Is 235765290181 prime?
True
Is 78033311263 composite?
True
Is 8551485221 a composite number?
True
Is 1465775111 composite?
True
Is 16841056801 a prime number?
True
Is 3778778429 prime?
False
Is 1874399279 composite?
True
Is 196095609367 a composite number?
True
Is 1906333889 prime?
False
Is 104397883691 a composite number?
True
Is 110779472671 composite?
True
Is 45179244779 prime?
True
Is 434522346953 a prime number?
True
Is 181485053 a composite number?
False
Is 1317370283 a prime number?
True
Is 4016200127 a prime number?
True
Is 3935800177 a prime number?
False
Is 87864869063 composite?
False
Is 2032078679 prime?
True
Is 4499434231 a composite number?
False
Is 3594184871 prime?
False
Is 213144793009 composite?
True
Is 165249521 prime?
True
Is 5710781429 composite?
True
Is 336418241 composite?
True
Is 11040125545 a prime number?
False
Is 7974969763 composite?
True
Is 6179694223 a prime number?
False
Is 13411052183 composite?
False
Is 4200040699 a composite number?
False
Is 1119330947 prime?
False
Is 22738910393 a prime number?
True
Is 1531651 a composite number?
True
Is 28154342761 a composite number?
False
Is 3411472697 a composite number?
False
Is 2013634277 prime?
True
Is 101364959 a prime number?
True
Is 74041739249 a prime number?
True
Is 11429081357 a composite number?
True
Is 34677752869 a prime number?
False
Is 26721861581 a composite number?
False
Is 1700939269 a composite number?
True
Is 40302550231 composite?
True
Is 5976162221 a composite number?
True
Is 64330997006 prime?
False
Is 103012090099 a composite number?
False
Is 2955476973 a prime number?
False
Is 16417887701 prime?
True
Is 9087849317 prime?
True
Is 250467473 prime?
True
Is 840638041 a prime number?
False
Is 308914339 prime?
False
Is 840945533 composite?
False
Is 1955248954 a prime number?
False
Is 1470721487 a composite number?
False
Is 123228923 a composite number?
False
Is 162040453 a composite number?
False
Is 944892869 prime?
True
Is 21734507897 prime?
False
Is 37352553073 composite?
True
Is 480844747 composite?
True
Is 5913692617 a composite number?
True
Is 32190808619 a prime number?
True
Is 1071453857 composite?
True
Is 13148156783 composite?
True
Is 26279435389 a prime number?
True
Is 24088826369 prime?
True
Is 558354449 composite?
False
Is 3034539281 prime?
True
Is 40429494395 prime?
False
Is 2486104961 a composite number?
False
Is 5612910889 prime?
True
Is 49625804083 a prime number?
True
Is 83822655209 composite?
False
Is 2257309471 prime?
True
Is 213671583511 composite?
False
Is 24642437 prime?
True
Is 31193905117 composite?
True
Is 1342293517 a composite number?
False
Is 6213433 composite?
False
Is 4820331463 prime?
True
Is 728189759